, -4*l + 5*l = -4*o - 8. Let w be -85 + l/(-20)*5. Let f = w - -136. What are the prime factors of f?
53
Let i(f) = 3*f**3 + 17*f**2 + 8*f + 4. Let o be i(-5). Suppose o*u + 618 = 17*u. What are the prime factors of u?
2, 103
Suppose f = 11 + 7. Let h be (f/8)/(6/16). Suppose h*o - 11*o = -45. List the prime factors of o.
3
Suppose 2337 = 4*t + 21. List the prime factors of t.
3, 193
Suppose 0*h - 571 = -x - 2*h, x + 4*h = 577. Suppose -7*l - x = -12*l. List the prime factors of l.
113
Suppose -3*a + 3*t = 4 + 2, 0 = a + 2*t - 13. Let v(q) = -39 + 3*q**3 + 28 + 22 + 13*q - 12*q**2 - 2*q**a. List the prime factors of v(11).
3, 11
Let l(b) = 33*b + 7. Let h be l(4). Let n = h - 71. What are the prime factors of n?
2, 17
Let x(q) = -q**2 + 4. Let u be x(0). Suppose 2*a - 3*p = 75, 5*a - 2*p = 2*p + 170. Suppose 94 = u*b + a. List the prime factors of b.
2
Suppose -2*x + 10 + 76 = 0. Suppose 3*p = x + 44. What are the prime factors of p?
29
Let g be ((-3)/5)/(10/(-150)). Let p be (2 + (-21)/g)*0. Let m = 2 + p. List the prime factors of m.
2
Let g be (-16)/(-5) + 3/(-15). Let z(j) = 0*j + 4*j + 2*j - g. What are the prime factors of z(5)?
3
What are the prime factors of ((-42)/(-35))/(9/2445)?
2, 163
What are the prime factors of 9444/7 - 104/91?
2, 337
Suppose 0 = 7*v - 5*v + 5*n - 1357, -2*n + 679 = v. What are the prime factors of v?
3, 227
Suppose 0 = 4*l - 20, 10*l - 49 = -4*i + 5*l. Let f be (-391)/(-4) - 4/(-16). Suppose -f = -i*v - v. What are the prime factors of v?
2, 7
Let p be (-6)/15 - 68/(-20). Suppose 2*l - 302 = -p*c - 111, c - 49 = 3*l. Suppose 3*r = 2*t - 16, -3*t - 3*r = 2*t - c. List the prime factors of t.
11
Let p(b) = -b**2 - 3*b + 9. Let u be p(5). Let r = 9 - 61. Let j = u - r. What are the prime factors of j?
3, 7
List the prime factors of 1020/18 - ((-64)/(-12))/8.
2, 7
Let m be (-4 + 3/(-9))*-12. What are the prime factors of m - -3*4/3?
2, 7
Let i(r) = 61*r + 14. What are the prime factors of i(5)?
11, 29
Suppose -3 + 18 = 5*v. Suppose -2*a = 2*w - 0*a - 192, -480 = -5*w - v*a. List the prime factors of w.
2, 3
Let c(k) = 7*k**3 - k**2 + 4. Let j = 5 + -2. List the prime factors of c(j).
2, 23
Let q(h) = -1 + 11*h - 3*h - h**2 + 0 - 1. Let z be q(-7). Let w = -58 - z. What are the prime factors of w?
7
Let j(k) = k**2 + 2*k + 568. Let t be j(0). Suppose -t = -4*r - 180. What are the prime factors of r?
97
Let k(f) = f**2 + 4*f - 22. Let r be k(-7). List the prime factors of r - (-2 + 3 + -87).
5, 17
Let k = 1266 + 976. What are the prime factors of k?
2, 19, 59
Suppose 0 = 5*n - 8 - 2. Let w(p) = 5*p**2 + 3*p**2 - 2*p - p. List the prime factors of w(n).
2, 13
Suppose 8*h + 12 = 5*h. Let i(j) = j + 11. Let p be i(h). Suppose -26 = -3*w + p. List the prime factors of w.
11
Let t = -132 + 183. List the prime factors of t.
3, 17
Suppose -7*p = 13*p - 440. What are the prime factors of p?
2, 11
Let j(w) = w**3 + 8*w**2 + 15*w + 9. Let g be j(-5). Let a(f) = 5*f**2 - 20*f - 13. What are the prime factors of a(g)?
2, 53
Suppose -r - 3*m + 511 = 3*r, -3*r + 377 = -4*m. Suppose 25 - r = -3*l. List the prime factors of l.
2, 17
Let y(h) = -19*h + 2. Let v be y(-2). Suppose -3*x - 28 = a, -3 = x + 1. Let r = a + v. What are the prime factors of r?
2, 3
Suppose -p + 3*p = 0. Suppose p = 5*a - 1 - 24. What are the prime factors of a?
5
Let t(q) = 117*q**2 - 15*q + 9. List the prime factors of t(2).
3, 149
Let j = -3 - -7. Suppose j = -2*g + 3*g. Suppose -g*t + 102 = 14. What are the prime factors of t?
2, 11
Let b(k) = -k**3 + k + 5. Let p be b(0). Suppose n - 29 - p = 0. What are the prime factors of n?
2, 17
Let l(h) = -62*h - 17. Let t be l(-9). Let s = -269 + t. List the prime factors of s.
2, 17
Suppose -4*d = -i + 2*i - 467, 4*d - 470 = -2*i. Suppose -4*q = -d - 80. What are the prime factors of q?
7
Suppose -l = 3*l + 88. Let w = l - -36. What are the prime factors of w?
2, 7
Suppose 2*c = -3*s + 3978, -5297 = -4*s - 0*s - 5*c. List the prime factors of s.
2, 83
Let g(u) = -u**3 - 4*u**2 - 13*u - 19. List the prime factors of g(-7).
3, 73
Let m(t) = -3*t**2 + 11*t - 6. Let b(d) = -5*d**2 + 12*d - 5. Let w(z) = 2*b(z) - 3*m(z). List the prime factors of w(-5).
2, 7
List the prime factors of 0/(0 + -6) - -632.
2, 79
Let f be 5 + -2 - (-6 + 6). Let y(w) = w**2 - 4*w. Let x be y(f). What are the prime factors of -2 - (x + 0) - -2?
3
Suppose 11*n = 3*n + 2648. List the prime factors of n.
331
Let a = 38 - 24. Suppose -a*u + 0*u = -3080. List the prime factors of u.
2, 5, 11
Suppose -13*u = -11*u - 6, -5*u - 3281 = -4*p. What are the prime factors of p?
2, 103
Suppose -19*c + 1960 = -14*c. What are the prime factors of c?
2, 7
Let y(r) = -r - 10. Let q be y(11). List the prime factors of ((-14)/q)/((-4)/(-654)).
109
Let x(z) = -49*z - 66. What are the prime factors of x(-13)?
571
Suppose 0 = 4*b - 14*b + 1050. What are the prime factors of b?
3, 5, 7
Let v(w) = -124*w - 52. What are the prime factors of v(-4)?
2, 3, 37
Let g = -438 + 833. What are the prime factors of g?
5, 79
Let u = 61 + -61. Suppose u = 3*z - 9*n + 4*n - 85, 2*z + 4*n - 42 = 0. What are the prime factors of z?
5
Suppose 0 = -2*r - 4*i + 4010, 20*r = 16*r - i + 8055. What are the prime factors of r?
5, 13, 31
Suppose -4*i + 3*d = 15, d - 6 = 2*i + 3. Let b(r) = -r**2 - 10*r - 15. What are the prime factors of b(i)?
3
Let x be 12/(-9)*36/(-8). Let j be ((-9)/x)/(3/(-10)). Suppose -2*f - 4*v = -72, j*f - 7*v + 3*v - 180 = 0. List the prime factors of f.
2, 3
Let t = -2678 - -3797. What are the prime factors of t?
3, 373
Let p be (3/(-2))/(-2 + 18/12). Let y be (-16)/6*(-3)/2. Suppose -63 = -y*d - 0*d - p*q, 2*q + 96 = 5*d. What are the prime factors of d?
2, 3
Let p(u) = -9*u - 14. Let f be 8/6*18/(-4). Let v be (f - -1)/(-4 - -5). What are the prime factors of p(v)?
31
Let a(g) = 906*g + 283. What are the prime factors of a(4)?
3907
Suppose 5*s = -5*m + 12966 - 3016, 2*m - 4 = 0. What are the prime factors of s?
2, 7, 71
Suppose -a = 5*x - 501, -a - 5*x = -3*a + 972. What are the prime factors of a?
491
Suppose 5*n + 4*b - 3518 = 0, -10*b + 8*b + 3514 = 5*n. List the prime factors of n.
2, 3, 13
Suppose 120 = 5*x + 35. What are the prime factors of x?
17
Let s = 7 - 6. Let x be (1 - 0 - 0)*s. Suppose 0*k = -5*t + 4*k + 81, t + 3*k = x. What are the prime factors of t?
13
Suppose -5066 = -13*v + 16969. What are the prime factors of v?
3, 5, 113
Suppose -16*w + 7*w + 10593 = 0. List the prime factors of w.
11, 107
Suppose -2*c - c = -9. List the prime factors of 2/(-5*c/(-180)).
2, 3
Let v = -8 - -12. Let l be v/(-3)*(-1638)/28. Suppose -3*r + 4*s = 3*s - l, 3*r - 72 = 3*s. List the prime factors of r.
3
Let c = 299 - -781. Suppose 10*m - 2*m = c. List the prime factors of m.
3, 5
Suppose 44 = l + 3*l. Suppose l*i - 9*i = 24. What are the prime factors of i?
2, 3
Let s = -51 + 56. Let n(z) = 72*z - 17. List the prime factors of n(s).
7
Let m = -2931 + 4794. What are the prime factors of m?
3, 23
Let c = -18 + 11. Let b be (-4)/(-6) + c/(-3). Suppose b*z + 1 = 7. List the prime factors of z.
2
Suppose 3*d - 29 - 275 = 2*o, -600 = 4*o - 4*d. Let w = 311 + o. What are the prime factors of w?
3, 5, 11
List the prime factors of 4487 + 1/(1/(-8)).
3, 1493
Let r(d) = -2*d**2 - 8*d - 7. Let h be r(5). Let q = 228 + h. What are the prime factors of q?
131
Suppose -57472 = 36*g - 52*g. What are the prime factors of g?
2, 449
Suppose 3*t + 0*t + 3 = 3*a, 5 = -a + 4*t. Suppose -a*r - c - 40 + 105 = 0, -4*c + 30 = 2*r. Let g = r - 2. What are the prime factors of g?
3, 7
Let n be ((-5)/((-10)/6))/1. Let t be n/(4/20*3). Suppose -2*r + 4*h + 112 = -0*h, t*h - 94 = -2*r. List the prime factors of r.
2, 13
Let j = -29 - 9. Let r = -27 - j. Suppose r*p - 8*p = 42. List the prime factors of p.
2, 7
Let n = -1 - -19. Let m be ((-33)/9)/((-3)/n). Suppose 1 = 4*p + 5*l - 33, -2*p = 5*l - m. What are the prime factors of p?
2, 3
Let s be 5/5 - 4 - -3. Suppose s = -3*x - 0*x + 6. Suppose -x*i + 57 = -49. List the prime factors of i.
53
Suppose 0 = 2*c - 5*c - 3. Let z = 25 - c. Suppose -5*i + 5*b + 125 = 0, -2*i + 3*b = -z - 25. What are the prime factors of i?
2, 3
Suppose -3*h = -9, 60 = -d - h + 473. What are the prime factors of d?
2, 5, 41
Suppose -5*h + 232 = x, -h - 262 = 19